{"id":18935,"date":"2026-04-15T10:00:58","date_gmt":"2026-04-15T08:00:58","guid":{"rendered":"https:\/\/www.sebworld-auktionen.de\/produkt\/poste-de-travail-en-electricite-kn-hoehenv-bureau-chaise-pivotante-de-bureau-en-cor-conteneur-mobile-walter-knoll"},"modified":"2026-04-27T18:05:48","modified_gmt":"2026-04-27T16:05:48","slug":"poste-de-travail-en-electricite-kn-hoehenv-bureau-chaise-pivotante-de-bureau-en-cor-conteneur-mobile-walter-knoll","status":"publish","type":"product","link":"https:\/\/www.sebworld-auktionen.de\/fr\/lots\/poste-de-travail-en-electricite-kn-hoehenv-bureau-chaise-pivotante-de-bureau-en-cor-conteneur-mobile-walter-knoll","title":{"rendered":"Poste de travail en \u00e9lectricit\u00e9 K&amp;N. H\u00f6henv. Bureau + chaise pivotante de bureau en cor + conteneur mobile Walter Knoll"},"content":{"rendered":"<p>Bureau : K\u00f6nig + Neurath | TALO. S electr, hauteur r\u00e9glable | R\u00e9sine synth\u00e9tique | Blanc | avec plateau \u00e0 c\u00e2bles &amp; 2x prise c\u00e2ble | H : 68 &#8211; 118cm | E : 160cm | D : 80cm<br \/>\nChaise : Cor | Tissu | Jaune | Cadre en aluminium poli | H : 87cm | SH : 42cm | M : 73cm | D : 75cm<br \/>\nConteneur mobile : Walter Knoll | M\u00e9tal | Blanc | 2x tiroirs | Fermeture en douceur | H : 52,5cm | D : 40,5cm | D : 56cm<\/p>\n<p> * Les photos sont exemplaires, tous les ensembles sont identiques | Visionnage &amp; collection : Marie-Curie-Stra\u00dfe 5, 53757 Sankt Augustin*<\/p>\n","protected":false},"excerpt":{"rendered":"<p>Bureau : K\u00f6nig + Neurath | TALO. S electr, hauteur r\u00e9glable | R\u00e9sine synth\u00e9tique | Blanc | avec plateau \u00e0 c\u00e2bles &amp; 2x prise c\u00e2ble | H : 68 &#8211; 118cm | E : 160cm | D : 80cm Chaise : Cor | Tissu | Jaune | Cadre en aluminium poli | H : 87cm [&hellip;]<\/p>\n","protected":false},"featured_media":13975,"template":"","meta":{"_acf_changed":false},"product_brand":[],"product_cat":[223],"product_tag":[],"class_list":{"0":"post-18935","1":"product","2":"type-product","3":"status-publish","4":"has-post-thumbnail","6":"product_cat-ensembles","8":"first","9":"instock","10":"taxable","11":"shipping-taxable","12":"purchasable","13":"product-type-auction"},"acf":[],"_links":{"self":[{"href":"https:\/\/www.sebworld-auktionen.de\/fr\/wp-json\/wp\/v2\/product\/18935","targetHints":{"allow":["GET"]}}],"collection":[{"href":"https:\/\/www.sebworld-auktionen.de\/fr\/wp-json\/wp\/v2\/product"}],"about":[{"href":"https:\/\/www.sebworld-auktionen.de\/fr\/wp-json\/wp\/v2\/types\/product"}],"wp:featuredmedia":[{"embeddable":true,"href":"https:\/\/www.sebworld-auktionen.de\/fr\/wp-json\/wp\/v2\/media\/13975"}],"wp:attachment":[{"href":"https:\/\/www.sebworld-auktionen.de\/fr\/wp-json\/wp\/v2\/media?parent=18935"}],"wp:term":[{"taxonomy":"product_brand","embeddable":true,"href":"https:\/\/www.sebworld-auktionen.de\/fr\/wp-json\/wp\/v2\/product_brand?post=18935"},{"taxonomy":"product_cat","embeddable":true,"href":"https:\/\/www.sebworld-auktionen.de\/fr\/wp-json\/wp\/v2\/product_cat?post=18935"},{"taxonomy":"product_tag","embeddable":true,"href":"https:\/\/www.sebworld-auktionen.de\/fr\/wp-json\/wp\/v2\/product_tag?post=18935"}],"curies":[{"name":"wp","href":"https:\/\/api.w.org\/{rel}","templated":true}]}}

Poste de travail en électricité K&amp;N. Höhenv. Bureau + chaise pivotante de bureau en cor + conteneur mobile Walter Knoll

<p>Bureau : König + Neurath | TALO. S electr, hauteur réglable | Résine synthétique | Blanc | avec plateau à câbles &amp; 2x prise câble | H : 68 &#8211; 118cm | E : 160cm | D : 80cm<br />
Chaise : Cor | Tissu | Jaune | Cadre en aluminium poli | H : 87cm | SH : 42cm | M : 73cm | D : 75cm<br />
Conteneur mobile : Walter Knoll | Métal | Blanc | 2x tiroirs | Fermeture en douceur | H : 52,5cm | D : 40,5cm | D : 56cm</p>
<p> * Les photos sont exemplaires, tous les ensembles sont identiques | Visionnage &amp; collection : Marie-Curie-Straße 5, 53757 Sankt Augustin*</p>

<p>Bureau : König + Neurath | TALO. S electr, hauteur réglable | Résine synthétique | Blanc | avec plateau à câbles &amp; 2x prise câble | H : 68 &#8211; 118cm | E : 160cm | D : 80cm Chaise : Cor | Tissu | Jaune | Cadre en aluminium poli | H : 87cm [&hellip;]</p>
