{"id":21260,"date":"2026-04-21T09:56:18","date_gmt":"2026-04-21T07:56:18","guid":{"rendered":"https:\/\/www.sebworld-auktionen.de\/produkt\/vitra-kokosnoetsstol-laederviol"},"modified":"2026-04-21T09:56:18","modified_gmt":"2026-04-21T07:56:18","slug":"vitra-kokosnoetsstol-laederviol","status":"publish","type":"product","link":"https:\/\/www.sebworld-auktionen.de\/sv\/lotterna\/vitra-kokosnoetsstol-laederviol","title":{"rendered":"Vitra Kokosn\u00f6tsstol L\u00e4derviol"},"content":{"rendered":"<p>L\u00e4der | Violett | Kromad ram | H: 83,5 cm | SH: 26,5 cm | B: 104 cm | D: 83 cm<\/p>\n","protected":false},"excerpt":{"rendered":"<p>L\u00e4der | Violett | Kromad ram | H: 83,5 cm | SH: 26,5 cm | B: 104 cm | D: 83 cm<\/p>\n","protected":false},"featured_media":14950,"template":"","meta":{"_acf_changed":false},"product_brand":[],"product_cat":[180],"product_tag":[],"class_list":{"0":"post-21260","1":"product","2":"type-product","3":"status-publish","4":"has-post-thumbnail","6":"product_cat-faatoelj","8":"first","9":"instock","10":"taxable","11":"shipping-taxable","12":"purchasable","13":"product-type-auction"},"acf":[],"_links":{"self":[{"href":"https:\/\/www.sebworld-auktionen.de\/sv\/wp-json\/wp\/v2\/product\/21260","targetHints":{"allow":["GET"]}}],"collection":[{"href":"https:\/\/www.sebworld-auktionen.de\/sv\/wp-json\/wp\/v2\/product"}],"about":[{"href":"https:\/\/www.sebworld-auktionen.de\/sv\/wp-json\/wp\/v2\/types\/product"}],"wp:featuredmedia":[{"embeddable":true,"href":"https:\/\/www.sebworld-auktionen.de\/sv\/wp-json\/wp\/v2\/media\/14950"}],"wp:attachment":[{"href":"https:\/\/www.sebworld-auktionen.de\/sv\/wp-json\/wp\/v2\/media?parent=21260"}],"wp:term":[{"taxonomy":"product_brand","embeddable":true,"href":"https:\/\/www.sebworld-auktionen.de\/sv\/wp-json\/wp\/v2\/product_brand?post=21260"},{"taxonomy":"product_cat","embeddable":true,"href":"https:\/\/www.sebworld-auktionen.de\/sv\/wp-json\/wp\/v2\/product_cat?post=21260"},{"taxonomy":"product_tag","embeddable":true,"href":"https:\/\/www.sebworld-auktionen.de\/sv\/wp-json\/wp\/v2\/product_tag?post=21260"}],"curies":[{"name":"wp","href":"https:\/\/api.w.org\/{rel}","templated":true}]}}

Vitra Kokosnötsstol Läderviol

<p>Läder | Violett | Kromad ram | H: 83,5 cm | SH: 26,5 cm | B: 104 cm | D: 83 cm</p>
